e factors of 470?
2, 5, 47
What are the prime factors of 86777?
107, 811
List the prime factors of 8994.
2, 3, 1499
What are the prime factors of 985?
5, 197
What are the prime factors of 36902?
2, 18451
What are the prime factors of 4201?
4201
List the prime factors of 3836.
2, 7, 137
What are the prime factors of 13057?
11, 1187
List the prime factors of 711.
3, 79
List the prime factors of 462.
2, 3, 7, 11
List the prime factors of 15831.
3, 1759
What are the prime factors of 3822?
2, 3, 7, 13
What are the prime factors of 24343?
11, 2213
List the prime factors of 6290.
2, 5, 17, 37
List the prime factors of 1288.
2, 7, 23
List the prime factors of 10447.
31, 337
List the prime factors of 52451.
7, 59, 127
List the prime factors of 30618.
2, 3, 7
What are the prime factors of 590?
2, 5, 59
List the prime factors of 6296.
2, 787
What are the prime factors of 41985?
3, 5, 311
What are the prime factors of 34073?
13, 2621
What are the prime factors of 176607?
3, 31, 211
List the prime factors of 54037.
54037
What are the prime factors of 7610?
2, 5, 761
What are the prime factors of 6267?
3, 2089
List the prime factors of 82477.
67, 1231
List the prime factors of 11090.
2, 5, 1109
What are the prime factors of 15885?
3, 5, 353
List the prime factors of 6816.
2, 3, 71
List the prime factors of 18304.
2, 11, 13
What are the prime factors of 3017?
7, 431
List the prime factors of 20577.
3, 19
What are the prime factors of 2867?
47, 61
List the prime factors of 13446.
2, 3, 83
What are the prime factors of 3589?
37, 97
What are the prime factors of 6897?
3, 11, 19
List the prime factors of 6707.
19, 353
List the prime factors of 6929.
13, 41
List the prime factors of 6534.
2, 3, 11
List the prime factors of 141.
3, 47
List the prime factors of 1449.
3, 7, 23
What are the prime factors of 8756?
2, 11, 199
List the prime factors of 41122.
2, 29, 709
What are the prime factors of 294?
2, 3, 7
List the prime factors of 25202.
2, 12601
List the prime factors of 4002.
2, 3, 23, 29
List the prime factors of 1857.
3, 619
What are the prime factors of 3861?
3, 11, 13
What are the prime factors of 5235?
3, 5, 349
List the prime factors of 3692.
2, 13, 71
What are the prime factors of 26145?
3, 5, 7, 83
List the prime factors of 45334.
2, 19, 1193
List the prime factors of 36723.
3, 12241
List the prime factors of 2863.
7, 409
List the prime factors of 4572.
2, 3, 127
List the prime factors of 12731.
29, 439
What are the prime factors of 15875?
5, 127
What are the prime factors of 28074?
2, 3, 4679
What are the prime factors of 184?
2, 23
List the prime factors of 13262.
2, 19, 349
What are the prime factors of 1831?
1831
What are the prime factors of 1170?
2, 3, 5, 13
What are the prime factors of 518?
2, 7, 37
What are the prime factors of 22769?
22769
What are the prime factors of 6666?
2, 3, 11, 101
List the prime factors of 48685.
5, 7, 13, 107
What are the prime factors of 1169?
7, 167
What are the prime factors of 14173?
14173
List the prime factors of 242.
2, 11
What are the prime factors of 118?
2, 59
List the prime factors of 3333.
3, 11, 101
List the prime factors of 26292.
2, 3, 7, 313
What are the prime factors of 5251?
59, 89
What are the prime factors of 769?
769
What are the prime factors of 61928?
2, 7741
What are the prime factors of 142835?
5, 7, 11, 53
List the prime factors of 5737.
5737
List the prime factors of 2657.
2657
What are the prime factors of 8030?
2, 5, 11, 73
What are the prime factors of 130249?
7, 23, 809
What are the prime factors of 51163?
7, 7309
What are the prime factors of 1210?
2, 5, 11
List the prime factors of 2137.
2137
List the prime factors of 58644.
2, 3, 181
List the prime factors of 44312.
2, 29, 191
What are the prime factors of 26765?
5, 53, 101
What are the prime factors of 3370?
2, 5, 337
What are the prime factors of 1630?
2, 5, 163
What are the prime factors of 47925?
3, 5, 71
What are the prime factors of 776?
2, 97
List the prime factors of 6516.
2, 3, 181
What are the prime factors of 19709?
19709
What are the prime factors of 1764?
2, 3, 7
What are the prime factors of 28803?
3, 9601
List the prime factors of 1148.
2, 7, 41
List the prime factors of 1045.
5, 11, 19
What are the prime factors of 3407?
3407
What are the prime factors of 43?
43
List the prime factors of 1018.
2, 509
List the prime factors of 7179.
3, 2393
List the prime factors of 17527.
17, 1031
What are the prime factors of 8816?
2, 19, 29
List the prime factors of 8031.
3, 2677
What are the prime factors of 981?
3, 109
List the prime factors of 2115.
3, 5, 47
List the prime factors of 3047.
11, 277
List the prime factors of 3393.
3, 13, 29
What are the prime factors of 68360?
2, 5, 1709
What are the prime factors of 545?
5, 109
What are the prime factors of 27322?
2, 19, 719
What are the prime factors of 1474?
2, 11, 67
List the prime factors of 20160.
2, 3, 5, 7
List the prime factors of 41661.
3, 1543
What are the prime factors of 6320?
2, 5, 79
List the prime factors of 2086.
2, 7, 149
List the prime factors of 25524.
2, 3, 709
List the prime factors of 1299.
3, 433
List the prime factors of 7288.
2, 911
List the prime factors of 385.
5, 7, 11
What are the prime factors of 1096?
2, 137
List the prime factors of 36183.
3, 7, 1723
List the prime factors of 1727.
11, 157
List the prime factors of 9604.
2, 7
What are the prime factors of 102500?
2, 5, 41
List the prime factors of 3102.
2, 3, 11, 47
What are the prime factors of 57913?
29, 1997
What are the prime factors of 4388?
2, 1097
What are the prime factors of 18965?
5, 3793
List the prime factors of 182265.
3, 5, 29, 419
List the prime factors of 45531.
3, 5059
List the prime factors of 679.
7, 97
List the prime factors of 24725.
5, 23, 43
What are the prime factors of 827?
827
List the prime factors of 1569.
3, 523
List the prime factors of 22220.
2, 5, 11, 101
What are the prime factors of 205?
5, 41
What are the prime factors of 5246?
2, 43, 61
List the prime factors of 29755.
5, 11, 541
List the prime factors of 817.
19, 43
List the prime factors of 6286.
2, 7, 449
List the prime factors of 3013.
23, 131
What are the prime factors of 3437?
7, 491
What are the prime factors of 1788?
2, 3, 149
What are the prime factors of 23067?
3, 11, 233
List the prime factors of 21160.
2, 5, 23
What are the prime factors of 238?
2, 7, 17
What are the prime factors of 16171?
103, 157
List the prime factors of 52708.
2, 13177
What are the prime factors of 983?
983
What are the prime factors of 19400?
2, 5, 97
What are the prime factors of 2798?
2, 1399
List the prime factors of 3108.
2, 3, 7, 37
List the prime factors of 15694.
2, 7, 19, 59
List the prime factors of 51021.
3, 5669
List the prime factors of 2690.
2, 5, 269
List the prime factors of 147578.
2, 113, 653
List the prime factors of 1167.
3, 389
What are the prime factors of 8225?
5, 7, 47
What are the prime factors of 54691?
7, 13, 601
What are the prime factors of 666?
2, 3, 37
What are the prime factors of 1955?
5, 17, 23
List the prime factors of 7857.
3, 97
What are the prime factors of 154304?
2, 2411
List the prime factors of 1526.
2, 7, 109
What are the prime factors of 40028?
2, 10007
What are the prime factors of 80530?
2, 5, 8053
List the prime factors of 5275.
5, 211
List the prime factors of 3738.
2, 3, 7, 89
What are the prime factors of 14269?
19, 751
List the prime factors of 117320.
2, 5, 7, 419
What are the prime factors of 48759?
3, 16253
List the prime factors of 92301.
3, 11, 2797
List the prime factors of 281.
281
List the prime factors of 1026.
2, 3, 19
What are the prime factors of 1261?
13, 97
List the prime factors of 34611.
3, 83, 139
List the prime factors of 6047.
6047
What are the prime factors of 3569?
43, 83
What are the prime factors of 997?
997
What are the prime factors of 572?
2, 11, 13
What are the prime factors of 52231?
19, 2749
What are the prime factors of 963?
3, 107
What are the prime factors of 9784?
2, 1223
What are the prime factors of 12126?
2, 3, 43, 47
What are the prime factors of 81408?
2, 3, 53
List the prime factors of 1262.
2, 631
List the prime factors of 2066.
2, 1033
What are the prime factors of 34?
2, 17
What are the prime factors of 10809?
3, 1201
List the prime fa